on factor of w and 24?
3
Let s = -19041 - -19233. Calculate the greatest common divisor of 4152 and s.
24
Let q be (-22)/(-121) - 106/(-22). Suppose 12 = -q*g + 32. Suppose -g*j = -34 - 10. What is the greatest common factor of 22 and j?
11
Let q be -1*(-6 + (-2)/2 + 4). Let h(c) = 15*c**2 + 5. Let p be h(q). Suppose 45*i + p = 50*i. Calculate the greatest common divisor of i and 7.
7
Suppose 0*l - l + 413 = -m, 4*m = l - 401. Let v = l + -151. Suppose -2*b + 105 - 25 = 4*q, 0 = 3*b - 5*q - 109. What is the highest common divisor of v and b?
38
Suppose -5*p = -d + 1061, -89 - 329 = 2*p - 2*d. Let x = 356 + p. Calculate the highest common divisor of 65 and x.
13
Suppose -27 = 25*m - 16*m. Let r(i) = 3*i**3 + 11*i**2 - 5. Let d be r(m). Let l = -75 + 127. What is the highest common divisor of d and l?
13
Suppose 116 = 3*s + 2*s + 2*t, -s = 5*t - 14. Suppose 44*i = 117*i - 5256. What is the greatest common divisor of s and i?
24
Let s be 8984/24 - (-4)/6. Suppose 6*h - 138 = -3*q + 8*h, -5*q - 2*h + 262 = 0. Calculate the greatest common divisor of q and s.
25
Let c(d) = -d**3 + 33*d**2 - 180*d + 24. Let k be c(26). What is the highest common factor of 76 and k?
76
Suppose -2*o - 4*m = -8866, -5*o = 5*m - 15265 - 6880. What is the greatest common factor of o and 100?
25
Suppose -25*j - 3108 = -27*j - 4*w, 0 = 4*j - w - 6135. Calculate the greatest common factor of 72 and j.
24
Let k = 344 - 178. Let i = k + -128. What is the greatest common divisor of i and 114?
38
Let m be (-8*(-1)/(-10))/(27/(-1620)). What is the greatest common divisor of m and 708?
12
Let l be -14*(-2)/4*2. Suppose -24*f + 23*f - 26 = 0. Let w be 39 + (108/f - (-22)/143). Calculate the highest common factor of w and l.
7
Let c = 654222 + -654206. Let s be 193/4 + (-2)/8. Calculate the highest common factor of s and c.
16
Suppose -3*h - 4*g - 31 = 0, g = -h + 5*h + 16. Let d = 3 - h. Suppose 14*f - 156 = d*f. What is the greatest common factor of 208 and f?
26
Suppose 5*l - 5*o - 1275 = 0, -1646*l + 1642*l = 5*o - 1047. What is the greatest common factor of 4773 and l?
129
Let l be 312 - 0 - (105 - 94). Calculate the highest common factor of 4300 and l.
43
Let a = 9696 + -9687. Calculate the greatest common factor of a and 165.
3
Let g(h) = 13*h**3 - 10*h**3 + 33 + 30*h + h**2 - 4*h**3 - 14*h**2. Let r be g(-15). Let w = 6 - 3. What is the greatest common factor of w and r?
3
Let w(j) = -11*j + 1. Let l be w(-1). Let k = l - 8. Let q(y) = -y**3 + 12*y**2 + 19*y - 322. Let f be q(11). Calculate the greatest common divisor of f and k.
4
Let l = -91 - -96. Suppose -4*z = 3*j - 21 - 35, 0 = -l*j - 2*z + 84. Calculate the highest common factor of j and 152.
8
Suppose 18*q - 40 = 20*q. Let m be ((-72)/q)/((-8)/(-180)). Suppose -3*l + m = 27. What is the greatest common factor of 198 and l?
18
Let f = 20022 + -13621. What is the highest common factor of 37 and f?
37
Let y be (-2)/3 - (-8)/12. Suppose y = -c - 4*c + 880. Let m = 3151 - 3129. What is the highest common divisor of m and c?
22
Suppose 0 = -5*g - 2*r - 27 + 2, 26 = -3*g + r. Let x(m) = -26*m - 24 + 4 - 11 + 9. Let w be x(g). Calculate the greatest common divisor of 40 and w.
40
Let v(w) = 2*w**2 + 69*w + 60. Let s be v(-40). Suppose 2*o = 5*q + 80, 12*o + 4*q - 200 = 7*o. Calculate the highest common factor of o and s.
20
Suppose -140*k = -831 - 641 + 212. Let y be (-2505)/(-9) - 8/(-12). What is the highest common factor of y and k?
9
Let w = 36 - 27. Suppose -1 + w = 4*p. Suppose -4*b + 286 = -2*l, 5*b - p*l + 0*l = 358. Calculate the highest common divisor of b and 8.
8
Suppose -3*k + 0*k + 138 = 2*t, 0 = 5*t - 2*k - 383. Suppose -18*b = -51 - 346 - 143. What is the greatest common divisor of t and b?
15
Suppose 4620 = 39*z - 35*z + 18*z. What is the greatest common factor of 3045 and z?
105
Let w(s) = -s**2 + 8*s - 12. Let k be w(5). Suppose k = 2*n - 3. Suppose -19 = -4*p + x, -n*p = -p - 4*x - 6. Calculate the highest common factor of 10 and p.
5
Suppose 44 = -10*r + 144. Suppose 0 = 5*u + 5*a + r, -10 = -3*u + 4*u + 5*a. Suppose u = -12*w + 41 + 67. Calculate the greatest common divisor of w and 18.
9
Suppose 48*f + 417 = -48*f + 2721. What is the highest common divisor of f and 9222?
6
Let b(y) = -143*y**2 - 161*y. Let j be b(-1). Calculate the highest common factor of 654 and j.
6
Let d be 3*1483/8 - 15/120. Suppose 4*h = -5*y + d, 2*y - y = 5*h - 666. Calculate the greatest common divisor of 67 and h.
67
Let j(z) = 270*z - 8. Let h be j(2). What is the greatest common divisor of h and 42?
14
Let z be (-6)/(-39) + ((-3695)/(-65) - 11). Calculate the greatest common divisor of z and 2.
2
Let j = -4223 - -4226. Suppose 5*p - 6*p = -30. Suppose -3*d + p = -a + 2*a, -5*d = -5. Calculate the greatest common factor of j and a.
3
Let n(p) = p**3 + 13*p**2 - 28*p + 27. Let b be n(-15). Let d be ((-348)/18 + -6)*9/b. What is the greatest common factor of 19 and d?
19
Suppose 127*b - 181608 - 519550 = 409838. What is the highest common divisor of b and 12?
12
Let v = -107 + 349. Let k = -29 + -12. Let o = k - -63. Calculate the highest common factor of o and v.
22
Suppose 6*z = 362 - 752 + 984. Let j be 27*(21/9 + -1). Calculate the highest common factor of j and z.
9
Suppose -2*o - 4*h = -56, 4*o - 3*h + 126 = 9*o. Let s be (1 + -7)*(-36)/o. What is the highest common factor of s and 459?
9
Let c(p) = -2*p**3 + 74*p**2 - 2*p + 97. Let y be c(37). Calculate the highest common divisor of y and 6509.
23
Let f be 274 + (4/(-2) - 3). Let w = -251 + f. Calculate the greatest common divisor of 9 and w.
9
Suppose -16*f = 49 - 1. Let k(q) be the second derivative of -2*q**3 - 2*q**2 + q. Let r be k(f). Calculate the highest common factor of 4 and r.
4
Let n(r) = 8*r**2 - 13*r - 33. Let y be n(-9). Suppose y = 13*x - 139. Suppose 4*b - 57 = x. What is the highest common divisor of 248 and b?
31
Let n(w) = 3048*w + 4969. Let b be n(13). What is the highest common divisor of 19 and b?
19
Suppose 0 = n - 48 + 46. Let q be (2/3)/((-4)/(-12)). Let r be (q/(-5))/(7/(-280)). Calculate the greatest common divisor of n and r.
2
Suppose c - q - 830 = 0, 3*c - 2886 + 426 = -3*q. What is the highest common divisor of 255 and c?
15
Let b be 27/(-135) - 38*(-57)/30. Calculate the highest common divisor of b and 3912.
24
Suppose 44*f = -14*f + 8048 + 10454. Calculate the greatest common divisor of 649 and f.
11
Suppose 2*j + h = 207, 5*j - h - 343 - 185 = 0. Calculate the highest common divisor of 15 and j.
15
Let u(s) = 4*s - 3. Let f be u(11). Suppose -3*x - 3*b = -1614, 4*x - 2107 = -14*b + 19*b. What is the highest common divisor of f and x?
41
Suppose 72 = 8*y - 24. Let k be (40/y)/((-2)/(-27)). Calculate the greatest common factor of k and 30.
15
Let h(k) = -k**2 + 6*k + 6. Let u be h(6). Let g(p) = -6 - 27124*p + 2 - 2 + 27128*p - 4. Let t be g(u). What is the greatest common divisor of t and 7?
7
Let x be 6*((-14)/(-4) - 3). Let g = -47 + 50. Suppose -38 = -4*k - g*z + 61, 5*z = -x*k + 77. Calculate the greatest common divisor of k and 96.
24
Suppose 4*p - 1345 = 191. Suppose 4*w - 804 = p. Let z be (54/(-8))/(-1)*4. Calculate the greatest common divisor of z and w.
27
Suppose -20*s = -14*s - 18. Suppose s*f = 4*q + 8*f - 57, 0 = 5*q - 3*f - 25. Let a be (-3)/1*24/(-18). Calculate the highest common factor of a and q.
4
Let j = -796 - -805. Let l = -6 - -9. Let q = 6 - l. Calculate the highest common factor of q and j.
3
Let a(p) = 129*p**2 + 75*p + 72. Let z be a(-1). Calculate the greatest common factor of 1449 and z.
63
Let o be (595/(-14))/(2/(-4)). Let k = -207 - -309. Let v be (6/(-9))/(1/k*-2). What is the highest common divisor of o and v?
17
Let u = 4319 + -4219. Calculate the highest common divisor of 1620 and u.
20
Let c be ((-2)/4)/(2/(-136)). Let u(g) = -15*g**2 + 7*g - 41. Let s be u(5). Let k = 432 + s. What is the highest common divisor of c and k?
17
Suppose 4*x + 47130 = 3*i, i - 2*x = -2040 + 17748. What is the highest common factor of 194 and i?
194
Let f be 138/10 - (-2)/10. Let j = f - 12. Let r(h) = -h**2 + 13*h - 30. Let b be r(8). What is the highest common divisor of b and j?
2
Let p(o) be the first derivative of 14 - 1/2*o**2 + 14*o. Let t be p(12). What is the greatest common divisor of 14 and t?
2
Let q =